{"id":16,"date":"2016-11-16T14:45:27","date_gmt":"2016-11-16T13:45:27","guid":{"rendered":"http:\/\/watsonlowsan.bplaced.net\/?page_id=16"},"modified":"2024-12-16T22:19:58","modified_gmt":"2024-12-16T21:19:58","slug":"impressum","status":"publish","type":"page","link":"https:\/\/sebastianharwardt.de\/?page_id=16","title":{"rendered":"Impressum"},"content":{"rendered":"<div>\n<h2>Angaben gem\u00e4\u00df \u00a7 5 TMG:<\/h2>\n<\/div>\n<div><span style=\"font-size: 14pt;\">Sebastian Harwardt<\/span><\/div>\n<div><span style=\"font-size: 14pt;\">Otto-Stomps-Stra\u00dfe 100<br \/>\n<\/span><\/div>\n<div><span style=\"font-size: 14pt;\">06116 Halle (Saale)<\/span><\/div>\n<div><span style=\"font-size: 14pt;\">Tel.: 0157\/55913951<\/span><\/div>\n<div><span style=\"font-size: 14pt;\">E-Mail: kontakt[at]sebastianharwardt.de<\/span><\/div>\n<div><\/div>\n<p>&nbsp;<\/p>\n<div><strong>Seite erstellt durch<\/strong><\/div>\n<div>Matthias Walter [<a href=\"http:\/\/www.daile.de\">www.daile.de<\/a>]<\/div>\n<div><\/div>\n<p>&nbsp;<\/p>\n<div>\n<h2>Nutzungsrechte:<\/h2>\n<p class=\"text\">Copyright \u00a9 by Sebastian Harwardt, 2024<br \/>\nAlle Rechte vorbehalten.<\/p>\n<p>Die Urheberrechte der Seiten dieses Webangebots, die direkt auf dieses Impressum verweisen, liegen vollst\u00e4ndig bei Sebastian Harwardt.<\/p>\n<p>* Die hier zur Verf\u00fcgung gestellten Web-Seiten, Bilder und Dokumente d\u00fcrfen nur zu Informationszwecken verwendet werden.<br \/>\n* Diese Seiten, Bilder und Dokumente d\u00fcrfen nicht kommerziell verwertet werden.<br \/>\n* Jede Kopie (dies gilt auch f\u00fcr Ausz\u00fcge) muss den oben genannten Urheberrechtsnachweis enthalten.<\/p>\n<h2>Haftungshinweis:<\/h2>\n<p class=\"text\">Der Anbieter dieser Seiten \u00fcbernimmt keine Haftung f\u00fcr die Inhalte externer Links, daf\u00fcr sind ausschlie\u00dflich deren Betreiber verantwortlich. Externe Links \u00f6ffnen in neuem Fenster durch Anklicken der jeweiligen Namen im Bereich &#8222;Links&#8220; dieses Webangebots.<\/p>\n<p>Der Anbieter dieser Seiten ist bem\u00fcht, das Webangebot stets aktuell und inhaltlich richtig sowie vollst\u00e4ndig anzubieten. Dennoch ist das Auftreten von Fehlern nicht v\u00f6llig auszuschlie\u00dfen. Der Anbieter dieser Seiten \u00fcbernimmt keine Haftung f\u00fcr die Aktualit\u00e4t, die inhaltliche Richtigkeit sowie f\u00fcr die Vollst\u00e4ndigkeit der in seinem Webangebot eingestellten Informationen. Dies bezieht sich auch auf eventuelle Sch\u00e4den materieller oder ideeller Art Dritter, die durch die Nutzung dieses Webangebotes verursacht wurden.<\/p>\n<p>Gesch\u00fctzte Marken und Namen, Bilder und Texte werden auf diesen Seiten in der Regel nicht als solche kenntlich gemacht. Das Fehlen einer solchen Kennzeichnung bedeutet jedoch nicht, dass es sich um einen freien Namen, ein freies Bild oder einen freien Text im Sinne des Markenzeichenrechts handelt.<\/p>\n<\/div>\n<p>&nbsp;<\/p>\n<h2>Datenschutz<\/h2>\n<p>Die Betreiber dieser Seiten nehmen den Schutz Ihrer pers\u00f6nlichen Daten sehr ernst. Wir behandeln Ihre personenbezogenen Daten vertraulich und entsprechend der gesetzlichen Datenschutzvorschriften sowie dieser Datenschutzerkl\u00e4rung.<\/p>\n<p>Die Nutzung unserer Webseite ist in der Regel ohne Angabe personenbezogener Daten m\u00f6glich. Soweit auf unseren Seiten personenbezogene Daten (beispielsweise Name, Anschrift oder E-Mail-Adressen) erhoben werden, erfolgt dies, soweit m\u00f6glich, stets auf freiwilliger Basis. Diese Daten werden ohne Ihre ausdr\u00fcckliche Zustimmung nicht an Dritte weitergegeben.<\/p>\n<p>Wir weisen darauf hin, dass die Daten\u00fcbertragung im Internet (z.B. bei der Kommunikation per E-Mail) Sicherheitsl\u00fccken aufweisen kann. Ein l\u00fcckenloser Schutz der Daten vor dem Zugriff durch Dritte ist nicht m\u00f6glich.<\/p>\n<p>&nbsp;<\/p>\n<h2>Cookies<\/h2>\n<p>Die Internetseiten verwenden teilweise so genannte Cookies. Cookies richten auf Ihrem Rechner keinen Schaden an und enthalten keine Viren. Cookies dienen dazu, unser Angebot nutzerfreundlicher, effektiver und sicherer zu machen. Cookies sind kleine Textdateien, die auf Ihrem Rechner abgelegt werden und die Ihr Browser speichert.<\/p>\n<p>Die meisten der von uns verwendeten Cookies sind so genannte \u201eSession-Cookies\u201c. Sie werden nach Ende Ihres Besuchs automatisch gel\u00f6scht. Andere Cookies bleiben auf Ihrem Endger\u00e4t gespeichert, bis Sie diese l\u00f6schen. Diese Cookies erm\u00f6glichen es uns, Ihren Browser beim n\u00e4chsten Besuch wiederzuerkennen.<\/p>\n<p>Sie k\u00f6nnen Ihren Browser so einstellen, dass Sie \u00fcber das Setzen von Cookies informiert werden und Cookies nur im Einzelfall erlauben, die Annahme von Cookies f\u00fcr bestimmte F\u00e4lle oder generell ausschlie\u00dfen sowie das automatische L\u00f6schen der Cookies beim Schlie\u00dfen des Browser aktivieren. Bei der Deaktivierung von Cookies kann die Funktionalit\u00e4t dieser Website eingeschr\u00e4nkt sein.<\/p>\n<p>&nbsp;<\/p>\n<h2>Kontaktformular<\/h2>\n<p>Wenn Sie uns per Kontaktformular Anfragen zukommen lassen, werden Ihre Angaben aus dem Anfrageformular inklusive der von Ihnen dort angegebenen Kontaktdaten zwecks Bearbeitung der Anfrage und f\u00fcr den Fall von Anschlussfragen bei uns gespeichert. Diese Daten geben wir nicht ohne Ihre Einwilligung weiter.<\/p>\n<p>&nbsp;<\/p>\n<p><em>Quellenangabe: <a href=\"https:\/\/www.e-recht24.de\">eRecht24<\/a><\/em><\/p>\n","protected":false},"excerpt":{"rendered":"<p>Angaben gem\u00e4\u00df \u00a7 5 TMG: Sebastian Harwardt Otto-Stomps-Stra\u00dfe 100 06116 Halle (Saale) Tel.: 0157\/55913951 E-Mail: kontakt[at]sebastianharwardt.de &nbsp; Seite erstellt durch Matthias Walter [www.daile.de] &nbsp; Nutzungsrechte: Copyright \u00a9 by Sebastian Harwardt, 2024 Alle Rechte vorbehalten. Die Urheberrechte der Seiten dieses Webangebots, die direkt auf dieses Impressum verweisen, liegen vollst\u00e4ndig bei Sebastian Harwardt. * Die hier zur&hellip;<\/p>\n","protected":false},"author":1,"featured_media":0,"parent":0,"menu_order":0,"comment_status":"closed","ping_status":"closed","template":"","meta":[],"_links":{"self":[{"href":"https:\/\/sebastianharwardt.de\/index.php?rest_route=\/wp\/v2\/pages\/16"}],"collection":[{"href":"https:\/\/sebastianharwardt.de\/index.php?rest_route=\/wp\/v2\/pages"}],"about":[{"href":"https:\/\/sebastianharwardt.de\/index.php?rest_route=\/wp\/v2\/types\/page"}],"author":[{"embeddable":true,"href":"https:\/\/sebastianharwardt.de\/index.php?rest_route=\/wp\/v2\/users\/1"}],"replies":[{"embeddable":true,"href":"https:\/\/sebastianharwardt.de\/index.php?rest_route=%2Fwp%2Fv2%2Fcomments&post=16"}],"version-history":[{"count":9,"href":"https:\/\/sebastianharwardt.de\/index.php?rest_route=\/wp\/v2\/pages\/16\/revisions"}],"predecessor-version":[{"id":3332,"href":"https:\/\/sebastianharwardt.de\/index.php?rest_route=\/wp\/v2\/pages\/16\/revisions\/3332"}],"wp:attachment":[{"href":"https:\/\/sebastianharwardt.de\/index.php?rest_route=%2Fwp%2Fv2%2Fmedia&parent=16"}],"curies":[{"name":"wp","href":"https:\/\/api.w.org\/{rel}","templated":true}]}}